[INFO] cloning repository https://github.com/tenjava/deploy
[INFO] running `Command { std: "git" "-c" "credential.helper=" "-c" "credential.helper=/workspace/cargo-home/bin/git-credential-null" "clone" "--bare" "https://github.com/tenjava/deploy" "/workspace/cache/git-repos/https%3A%2F%2Fgithub.com%2Ftenjava%2Fdeploy", kill_on_drop: false }`
[INFO] [stderr] Cloning into bare repository '/workspace/cache/git-repos/https%3A%2F%2Fgithub.com%2Ftenjava%2Fdeploy'...
[INFO] running `Command { std: "git" "rev-parse" "HEAD", kill_on_drop: false }`
[INFO] [stdout] 01d424a5ba8ae3d1756863a322c9c71f08b2e67b
[INFO] checking tenjava/deploy against master#cfbc6d4cf1acbac5c025acf8ed68929caa551df3 for pr-75494-beta
[INFO] running `Command { std: "git" "clone" "/workspace/cache/git-repos/https%3A%2F%2Fgithub.com%2Ftenjava%2Fdeploy" "/workspace/builds/worker-13/source", kill_on_drop: false }`
[INFO] [stderr] Cloning into '/workspace/builds/worker-13/source'...
[INFO] [stderr] done.
[INFO] validating manifest of git repo https://github.com/tenjava/deploy on toolchain cfbc6d4cf1acbac5c025acf8ed68929caa551df3
[INFO] running `Command { std: "/workspace/cargo-home/bin/cargo" "+cfbc6d4cf1acbac5c025acf8ed68929caa551df3" "read-manifest" "--manifest-path" "Cargo.toml", kill_on_drop: false }`
[INFO] started tweaking git repo https://github.com/tenjava/deploy
[INFO] finished tweaking git repo https://github.com/tenjava/deploy
[INFO] tweaked toml for git repo https://github.com/tenjava/deploy written to /workspace/builds/worker-13/source/Cargo.toml
[INFO] crate git repo https://github.com/tenjava/deploy already has a lockfile, it will not be regenerated
[INFO] running `Command { std: "/workspace/cargo-home/bin/cargo" "+cfbc6d4cf1acbac5c025acf8ed68929caa551df3" "fetch" "--locked" "--manifest-path" "Cargo.toml", kill_on_drop: false }`
[INFO] [stderr]  Downloading crates ...
[INFO] [stderr]   Downloaded phf_generator v0.7.16
[INFO] [stderr]   Downloaded phf_codegen v0.7.16
[INFO] [stderr]   Downloaded formdata v0.8.4
[INFO] [stderr]   Downloaded serde_macros v0.8.5
[INFO] [stderr]   Downloaded quasi_macros v0.19.0
[INFO] [stderr]   Downloaded quasi_codegen v0.19.0
[INFO] [stderr]   Downloaded serde_codegen v0.8.5
[INFO] [stderr]   Downloaded quasi v0.19.0
[INFO] [stderr]   Downloaded phf v0.7.16
[INFO] [stderr]   Downloaded phf_shared v0.7.16
[INFO] [stderr]   Downloaded serde_codegen_internals v0.8.0
[INFO] [stderr]   Downloaded serde_json v0.8.1
[INFO] [stderr]   Downloaded serde v0.8.5
[INFO] [stderr]   Downloaded aster v0.26.0
[INFO] [stderr]   Downloaded textnonce v0.3.4
[INFO] [stderr]   Downloaded itertools v0.4.18
[INFO] [stderr]   Downloaded regex v0.1.73
[INFO] [stderr]   Downloaded pencil v0.2.1
[INFO] [stderr]   Downloaded regex-syntax v0.3.4
[INFO] running `Command { std: "docker" "create" "-v" "/var/lib/crater-agent-workspace/builds/worker-13/target:/opt/rustwide/target:rw,Z" "-v" "/var/lib/crater-agent-workspace/builds/worker-13/source:/opt/rustwide/workdir:ro,Z" "-v" "/var/lib/crater-agent-workspace/cargo-home:/opt/rustwide/cargo-home:ro,Z" "-v" "/var/lib/crater-agent-workspace/rustup-home:/opt/rustwide/rustup-home:ro,Z" "-e" "SOURCE_DIR=/opt/rustwide/workdir" "-e" "CARGO_TARGET_DIR=/opt/rustwide/target" "-e" "CARGO_HOME=/opt/rustwide/cargo-home" "-e" "RUSTUP_HOME=/opt/rustwide/rustup-home" "-w" "/opt/rustwide/workdir" "-m" "1610612736" "--user" "0:0" "--network" "none" "rustops/crates-build-env@sha256:a636fd89d022f18117e1dc8fb37a0a009933cdbbe082814857f0e2024962d47c" "/opt/rustwide/cargo-home/bin/cargo" "+cfbc6d4cf1acbac5c025acf8ed68929caa551df3" "metadata" "--no-deps" "--format-version=1", kill_on_drop: false }`
[INFO] [stdout] 514cff5a5ad29c8b4cdc0063d26181dfe5910218724d14bef1775cc78e265578
[INFO] [stderr] WARNING: Your kernel does not support swap limit capabilities or the cgroup is not mounted. Memory limited without swap.
[INFO] running `Command { std: "docker" "start" "-a" "514cff5a5ad29c8b4cdc0063d26181dfe5910218724d14bef1775cc78e265578", kill_on_drop: false }`
[INFO] running `Command { std: "docker" "inspect" "514cff5a5ad29c8b4cdc0063d26181dfe5910218724d14bef1775cc78e265578", kill_on_drop: false }`
[INFO] running `Command { std: "docker" "rm" "-f" "514cff5a5ad29c8b4cdc0063d26181dfe5910218724d14bef1775cc78e265578", kill_on_drop: false }`
[INFO] [stdout] 514cff5a5ad29c8b4cdc0063d26181dfe5910218724d14bef1775cc78e265578
[INFO] running `Command { std: "docker" "create" "-v" "/var/lib/crater-agent-workspace/builds/worker-13/target:/opt/rustwide/target:rw,Z" "-v" "/var/lib/crater-agent-workspace/builds/worker-13/source:/opt/rustwide/workdir:ro,Z" "-v" "/var/lib/crater-agent-workspace/cargo-home:/opt/rustwide/cargo-home:ro,Z" "-v" "/var/lib/crater-agent-workspace/rustup-home:/opt/rustwide/rustup-home:ro,Z" "-e" "SOURCE_DIR=/opt/rustwide/workdir" "-e" "CARGO_TARGET_DIR=/opt/rustwide/target" "-e" "CARGO_INCREMENTAL=0" "-e" "RUST_BACKTRACE=full" "-e" "RUSTFLAGS=--cap-lints=forbid" "-e" "CARGO_HOME=/opt/rustwide/cargo-home" "-e" "RUSTUP_HOME=/opt/rustwide/rustup-home" "-w" "/opt/rustwide/workdir" "-m" "1610612736" "--user" "0:0" "--network" "none" "rustops/crates-build-env@sha256:a636fd89d022f18117e1dc8fb37a0a009933cdbbe082814857f0e2024962d47c" "/opt/rustwide/cargo-home/bin/cargo" "+cfbc6d4cf1acbac5c025acf8ed68929caa551df3" "check" "--frozen" "--all" "--all-targets" "--message-format=json", kill_on_drop: false }`
[INFO] [stdout] b7d5008e45be3fb24f13991aae82ad3063e93b6bd794790f5325b1896d24cf2e
[INFO] [stderr] WARNING: Your kernel does not support swap limit capabilities or the cgroup is not mounted. Memory limited without swap.
[INFO] running `Command { std: "docker" "start" "-a" "b7d5008e45be3fb24f13991aae82ad3063e93b6bd794790f5325b1896d24cf2e", kill_on_drop: false }`
[INFO] [stderr]    Compiling libc v0.2.15
[INFO] [stderr]    Compiling rustc-serialize v0.3.19
[INFO] [stderr]    Compiling log v0.3.6
[INFO] [stderr]     Checking encoding_index_tests v0.1.4
[INFO] [stderr]     Checking matches v0.1.2
[INFO] [stderr]     Checking bitflags v0.7.0
[INFO] [stderr]     Checking unicode-normalization v0.1.2
[INFO] [stderr]     Checking lazy_static v0.2.1
[INFO] [stderr]     Checking serde v0.7.15
[INFO] [stderr]     Checking regex-syntax v0.3.4
[INFO] [stderr]    Compiling aster v0.26.0
[INFO] [stderr]     Checking traitobject v0.0.3
[INFO] [stderr]    Compiling serde_codegen v0.8.5
[INFO] [stderr]     Checking typeable v0.1.2
[INFO] [stderr]     Checking httparse v1.1.2
[INFO] [stderr]     Checking traitobject v0.0.1
[INFO] [stderr]     Checking quick-error v1.1.0
[INFO] [stdout] error[E0463]: can't find crate for `syntax`
[INFO] [stdout]   --> /opt/rustwide/cargo-home/registry/src/github.com-1ecc6299db9ec823/aster-0.26.0/src/lib.rs:10:1
[INFO] [stdout]    |
[INFO] [stdout] 10 | extern crate syntax;
[INFO] [stdout]    | ^^^^^^^^^^^^^^^^^^^^ can't find crate
[INFO] [stdout] 
[INFO] [stdout] 
[INFO] [stdout] error: aborting due to previous error
[INFO] [stdout] 
[INFO] [stdout] 
[INFO] [stdout] For more information about this error, try `rustc --explain E0463`.
[INFO] [stdout] 
[INFO] [stderr] error: could not compile `aster`.
[INFO] [stderr] 
[INFO] [stderr] To learn more, run the command again with --verbose.
[INFO] [stderr] warning: build failed, waiting for other jobs to finish...
[INFO] [stdout] error[E0642]: patterns aren't allowed in functions without bodies
[INFO] [stdout]    --> /opt/rustwide/cargo-home/registry/src/github.com-1ecc6299db9ec823/rustc-serialize-0.3.19/src/serialize.rs:147:45
[INFO] [stdout]     |
[INFO] [stdout] 147 | ...                   &f_name: &str,
[INFO] [stdout]     |                       ^^^^^^^ pattern not allowed in function without body
[INFO] [stdout] 
[INFO] [stdout] 
[INFO] [stdout] error[E0642]: patterns aren't allowed in functions without bodies
[INFO] [stdout]    --> /opt/rustwide/cargo-home/registry/src/github.com-1ecc6299db9ec823/rustc-serialize-0.3.19/src/serialize.rs:147:45
[INFO] [stdout]     |
[INFO] [stdout] 147 | ...                   &f_name: &str,
[INFO] [stdout]     |                       ^^^^^^^ pattern not allowed in function without body
[INFO] [stdout] 
[INFO] [stdout] 
[INFO] [stdout] error: aborting due to previous error
[INFO] [stdout] 
[INFO] [stdout] 
[INFO] [stdout] For more information about this error, try `rustc --explain E0642`.
[INFO] [stdout] 
[INFO] [stdout] error: aborting due to previous error
[INFO] [stdout] 
[INFO] [stdout] 
[INFO] [stdout] For more information about this error, try `rustc --explain E0642`.
[INFO] [stdout] 
[INFO] [stderr] error: build failed
[INFO] running `Command { std: "docker" "inspect" "b7d5008e45be3fb24f13991aae82ad3063e93b6bd794790f5325b1896d24cf2e", kill_on_drop: false }`
[INFO] running `Command { std: "docker" "rm" "-f" "b7d5008e45be3fb24f13991aae82ad3063e93b6bd794790f5325b1896d24cf2e", kill_on_drop: false }`
[INFO] [stdout] b7d5008e45be3fb24f13991aae82ad3063e93b6bd794790f5325b1896d24cf2e
